{"id":31,"date":"2018-03-05T18:51:15","date_gmt":"2018-03-05T18:51:15","guid":{"rendered":"http:\/\/xn--comitdequartierdupar-f2b.apps-1and1.net\/?page_id=31"},"modified":"2018-04-09T11:04:54","modified_gmt":"2018-04-09T11:04:54","slug":"adhesion","status":"publish","type":"page","link":"https:\/\/leparcstmaur.org\/?page_id=31","title":{"rendered":"Adh\u00e9sion"},"content":{"rendered":"<div class=\"entry\">\n<p style=\"text-align: center;\"><span style=\"font-size: 12pt;\">Si vous aimez votre quartier, rejoignez-nous !<\/span><\/p>\n<p style=\"text-align: center;\"><span style=\"font-size: 12pt;\">Pour participer \u00e0 la vie du quartier, si vous \u00eates motiv\u00e9;&nbsp;<\/span><\/p>\n<p style=\"text-align: center;\"><span style=\"font-size: 12pt;\">pour nous aider lors des manifestations , si vous l&rsquo;\u00eates encore plus.<\/span><\/p>\n<p style=\"text-align: center;\"><span style=\"font-size: 12pt;\">Ou tout simplement pour soutenir les actions de notre association !<\/span><\/p>\n<p style=\"text-align: center;\"><span style=\"font-size: 12pt;\">La cotisation annuelle est de 10 euros .<\/span><\/p>\n<p style=\"text-align: center;\"><span style=\"font-size: 12pt;\">Cliquez <a href=\"https:\/\/leparcstmaur.org\/wp-content\/uploads\/2018\/04\/buladhPdf.pdf\">ici pour t\u00e9l\u00e9charger le bulletin d\u2019adh\u00e9sion.<\/a><\/span><\/p>\n<p style=\"text-align: center;\"><span style=\"font-size: 12pt;\">Il suffit de l\u2019imprimer et nous le renvoyer rempli accompagn\u00e9 de votre cotisation.<\/span><\/p>\n<\/div>\n","protected":false},"excerpt":{"rendered":"<p>Si vous aimez votre quartier, rejoignez-nous ! Pour participer \u00e0 la vie du quartier, si vous \u00eates motiv\u00e9;&nbsp; pour nous aider lors des manifestations , si vous l&rsquo;\u00eates encore plus. Ou tout simplement pour soutenir les actions de notre association ! La cotisation annuelle est de 10 euros . Cliquez &hellip;<\/p>\n","protected":false},"author":1,"featured_media":0,"parent":0,"menu_order":0,"comment_status":"closed","ping_status":"closed","template":"","meta":{"ngg_post_thumbnail":0,"footnotes":""},"class_list":["post-31","page","type-page","status-publish","hentry"],"_links":{"self":[{"href":"https:\/\/leparcstmaur.org\/index.php?rest_route=\/wp\/v2\/pages\/31","targetHints":{"allow":["GET"]}}],"collection":[{"href":"https:\/\/leparcstmaur.org\/index.php?rest_route=\/wp\/v2\/pages"}],"about":[{"href":"https:\/\/leparcstmaur.org\/index.php?rest_route=\/wp\/v2\/types\/page"}],"author":[{"embeddable":true,"href":"https:\/\/leparcstmaur.org\/index.php?rest_route=\/wp\/v2\/users\/1"}],"replies":[{"embeddable":true,"href":"https:\/\/leparcstmaur.org\/index.php?rest_route=%2Fwp%2Fv2%2Fcomments&post=31"}],"version-history":[{"count":8,"href":"https:\/\/leparcstmaur.org\/index.php?rest_route=\/wp\/v2\/pages\/31\/revisions"}],"predecessor-version":[{"id":207,"href":"https:\/\/leparcstmaur.org\/index.php?rest_route=\/wp\/v2\/pages\/31\/revisions\/207"}],"wp:attachment":[{"href":"https:\/\/leparcstmaur.org\/index.php?rest_route=%2Fwp%2Fv2%2Fmedia&parent=31"}],"curies":[{"name":"wp","href":"https:\/\/api.w.org\/{rel}","templated":true}]}}

Adhésion

<div class="entry">
<p style="text-align: center;"><span style="font-size: 12pt;">Si vous aimez votre quartier, rejoignez-nous !</span></p>
<p style="text-align: center;"><span style="font-size: 12pt;">Pour participer à la vie du quartier, si vous êtes motivé;&nbsp;</span></p>
<p style="text-align: center;"><span style="font-size: 12pt;">pour nous aider lors des manifestations , si vous l&rsquo;êtes encore plus.</span></p>
<p style="text-align: center;"><span style="font-size: 12pt;">Ou tout simplement pour soutenir les actions de notre association !</span></p>
<p style="text-align: center;"><span style="font-size: 12pt;">La cotisation annuelle est de 10 euros .</span></p>
<p style="text-align: center;"><span style="font-size: 12pt;">Cliquez <a href="https://leparcstmaur.org/wp-content/uploads/2018/04/buladhPdf.pdf">ici pour télécharger le bulletin d’adhésion.</a></span></p>
<p style="text-align: center;"><span style="font-size: 12pt;">Il suffit de l’imprimer et nous le renvoyer rempli accompagné de votre cotisation.</span></p>
</div>

<p>Si vous aimez votre quartier, rejoignez-nous ! Pour participer à la vie du quartier, si vous êtes motivé;&nbsp; pour nous aider lors des manifestations , si vous l&rsquo;êtes encore plus. Ou tout simplement pour soutenir les actions de notre association ! La cotisation annuelle est de 10 euros . Cliquez &hellip;</p>
