{"id":108,"date":"2018-03-26T13:24:35","date_gmt":"2018-03-26T13:24:35","guid":{"rendered":"http:\/\/xn--comitdequartierdupar-f2b.apps-1and1.net\/?page_id=108"},"modified":"2021-05-05T16:31:03","modified_gmt":"2021-05-05T16:31:03","slug":"archives-2016","status":"publish","type":"page","link":"https:\/\/leparcstmaur.org\/?page_id=108","title":{"rendered":"Archives 2016"},"content":{"rendered":"<div class=\"post-1954 post hentry category-divers\">\n<h3 id=\"post-1954\"><span style=\"color: #0000ff; font-size: 18pt;\">La Broc\u2019 du Parc 2016<\/span><\/h3>\n<p><span style=\"font-size: 10pt;\"><small>Samedi 24 septembre 2016<\/small><\/span><\/p>\n<div class=\"entry\">\n<p><img loading=\"lazy\" decoding=\"async\" class=\"size-medium wp-image-1956 alignleft\" title=\"Broc du Parc 1\" src=\"https:\/\/leparcstmaur.org\/wp-content\/uploads\/2016\/10\/Broc-du-Parc-1-225x300.jpg\" alt=\"Broc du Parc 1\" width=\"225\" height=\"300\"><span style=\"font-size: 12pt;\">On l\u2019a fait !!!! Merci \u00e0 tous ! B\u00e9n\u00e9voles volontaires venus des autres quartiers de la ville pour nous pr\u00eater main forte au petit matin. Merci aux policiers municipaux d\u00e9ploy\u00e9s toute la journ\u00e9e. Merci \u00e0 nos 160 exposants qui ont jou\u00e9 le jeu.<\/span><br \/>\n<span style=\"font-size: 12pt;\"> Merci \u00e0 saint Maur et \u00e0 son maire. Au nom du Comit\u00e9 de Quartier du Parc de Saint Maur, MERCI !!!<\/span><\/p>\n<p><span style=\"font-size: 12pt;\">La Broc du Parc\u00ae IV&nbsp;\u00bb fut un tr\u00e8s beau succ\u00e8s !<\/span><\/p>\n<p><span style=\"font-size: 12pt;\">Notre Comit\u00e9 de Quartier du Parc de Saint Maur a fait un super boulot pour cette 4eme \u00e9dition et a fait de cette Broc\u2019 2016 une r\u00e9ussite! Micheline, Maria et Jeannine, ont fait du sandwich \u00ab&nbsp;jambon-emmental&nbsp;\u00bb, le \u00ab&nbsp;best-seller&nbsp;\u00bb du stand buvette.<\/span><\/p>\n<p><span style=\"font-size: 12pt;\">Passer cette journ\u00e9e avec ses enfants, amis, copains, voisins et des dizaines d\u2019exposants sympathiques, des prix attractifs, de nombreux chineurs, de bonnes ventes et cerise sur le g\u00e2teau, le ciel avec nous !<\/span><br \/>\n<img loading=\"lazy\" decoding=\"async\" class=\"aligncenter size-medium wp-image-1957\" title=\"Broc du parc 2\" src=\"https:\/\/leparcstmaur.org\/wp-content\/uploads\/2016\/10\/Broc-du-parc-2-300x200.jpg\" alt=\"Broc du parc 2\" width=\"300\" height=\"200\"><br \/>\n<span style=\"font-size: 12pt;\">Ce fut un cocktail id\u00e9al. \u00ab&nbsp;La Broc\u2019 du Parc&nbsp;\u00bb est d\u00e9sormais un rendez-vous des premiers jours de l\u2019automne bien ancr\u00e9 dans la vie de notre village et un \u00e9v\u00e9nement que nul ne souhaite voir annul\u00e9\u2026<\/span><\/p>\n<p><span style=\"font-size: 12pt;\">Bravo Anne pour l\u2019\u00e9nergie que tu y as consacr\u00e9e, Merci Jean pour tes conseils avis\u00e9s, Merci Floriane et Romain pour l\u2019aide logistique. Rendons gr\u00e2ce \u00e0 Micheline pour ces financiers \u00ab&nbsp;made in le Parc&nbsp;\u00bb, qui sont plus qu\u2019une l\u00e9gende p\u00e2tissi\u00e8re\u2026<\/span><br \/>\n<span style=\"font-size: 12pt;\"> <img loading=\"lazy\" decoding=\"async\" class=\"size-medium wp-image-1955 alignright\" title=\"Broc du parc 5\" src=\"https:\/\/leparcstmaur.org\/wp-content\/uploads\/2016\/10\/Broc-du-parc-5-300x226.jpg\" alt=\"Broc du parc 5\" width=\"300\" height=\"226\"><\/span><br \/>\n<span style=\"font-size: 12pt;\"> Merci Alain, Herv\u00e9 et l\u2019\u00e9quipe de Champignol, David (Saint Maur- Creteil ), C\u00e9dric (les Riverains de La Pie) sans oublier l\u2019\u00e9quipe de la Pie qui sont venus en renfort. Merci Sylvain , Jasmine et notre ville pour cette \u00ab&nbsp;volont\u00e9 ex\u00e9cutive&nbsp;\u00bb qui permet tant de choses.<\/span><\/p>\n<p><span style=\"font-size: 12pt;\">Et puis ce qui est vraiment bien avec la Broc\u2019 du Parc, c\u2019est que le lendemain, on peut faire la grasse matin\u00e9e !!!<\/span><\/p>\n<p><span style=\"font-size: 12pt;\">A l\u2019ann\u00e9e prochaine! si tout va bien\u2026<\/span><\/p>\n<\/div>\n<p class=\"postmetadata\">&nbsp;<\/p>\n<\/div>\n<div class=\"post-1940 post hentry category-divers tag-association tag-comite-de-quartier tag-le-parc-de-saint-maur tag-place-des-marronniers\">\n<h3 id=\"post-1940\"><span style=\"color: #0000ff; font-size: 18pt;\">Journ\u00e9e des Associations 2016<\/span><\/h3>\n<p><span style=\"font-size: 10pt;\"><small>Dimanche 11 septembre 2016<\/small><\/span><\/p>\n<div class=\"entry\">\n<p><img loading=\"lazy\" decoding=\"async\" class=\"size-medium wp-image-1941 alignleft\" title=\"Journ\u00e9e des Associations\" src=\"https:\/\/leparcstmaur.org\/wp-content\/uploads\/2016\/10\/Journee-des-Associations-225x300.jpg\" alt=\"Journ\u00e9e des Associations\" width=\"225\" height=\"300\"><span style=\"font-size: 12pt;\">Le Comit\u00e9 de Quartier du Parc de Saint-Maur en G5\u2026 Touch\u00e9 !<\/span><\/p>\n<p><span style=\"font-size: 12pt;\">Venez nous retrouver sur notre stand G5, place des Marronniers \u00e0 l\u2019occasion de la journ\u00e9e des Associations, jusqu\u2019\u00e0 18h\u2026<\/span><br \/>\n<span style=\"font-size: 12pt;\"> Premier \u00e9v\u00e9nement de rentr\u00e9e pour notre \u00ab&nbsp;Comit\u00e9 de Quartier du Parc de Saint-Maur&nbsp;\u00bb.<\/span><\/p>\n<p><span style=\"font-size: 12pt;\">Au menu de notre Journ\u00e9e des Assocs,<\/span><br \/>\n<span style=\"font-size: 12pt;\"> La \u00ab&nbsp;Bro\u2019c du Parc&nbsp;\u00bb 4eme \u00e9dition, aura-t-elle lieu ?!\u2026<\/span><br \/>\n<span style=\"font-size: 12pt;\"> Venez \u00e9galement d\u00e9couvrir en avant premi\u00e8re le prototype de \u00ab&nbsp;La Ruche \u00e0 Livres&nbsp;\u00bb qui sera implant\u00e9e bient\u00f4t au centre sportif Brossolette. On vous attend nombreux ! \u00ab&nbsp;Prendre des livres, d\u00e9poser des livres, les lire et partager \u2026&nbsp;\u00bb Tel est le leitmotiv du projet de \u00ab&nbsp;Bo\u00eetes \u00e0 livres dans la ville&nbsp;\u00bb imagin\u00e9 par notre Comit\u00e9 de Quartier du Parc de Saint Maur et r\u00e9alis\u00e9 par des \u00e9l\u00e8ves du lyc\u00e9e Mansart qui \u00abb\u00fbchent \u00bb sur ce projet depuis un an. L\u2019id\u00e9e sympathique qui a germ\u00e9 fin 2014 lors d\u2019un conseil d\u2019administration de notre association, \u00e9tait de partager un livre de fa\u00e7on anonyme, en le laissant sur un banc, dans un square ou bien sur un muret avec l\u2019espoir qu\u2019il puisse \u00eatre lu et partag\u00e9 de nouveau\u2026<\/span><\/p>\n<p><img loading=\"lazy\" decoding=\"async\" class=\"aligncenter size-medium wp-image-1942\" title=\"Boite \u00e0 livres 2\" src=\"https:\/\/leparcstmaur.org\/wp-content\/uploads\/2016\/10\/Boite-a-livres-2-225x300.jpg\" alt=\"Boite \u00e0 livres 2\" width=\"225\" height=\"300\"><\/p>\n<\/div>\n<\/div>\n<div class=\"post-1962 post hentry category-divers tag-andalasia tag-comite-de-quartier tag-coupe-declat tag-le-parc-de-saint-maur tag-place-des-marronniers tag-solidhair\">\n<h3 id=\"post-1962\"><span style=\"color: #0000ff; font-size: 18pt;\">Prix sp\u00e9cial 2016 : Andalasia<\/span><\/h3>\n<p><span style=\"font-size: 10pt;\"><small>Jeudi 8 septembre 2016<\/small><\/span><\/p>\n<div class=\"entry\">\n<p><img loading=\"lazy\" decoding=\"async\" class=\"alignleft size-medium wp-image-1964\" title=\"Andalasia 3\" src=\"https:\/\/leparcstmaur.org\/wp-content\/uploads\/2016\/10\/Andalasia-3-300x224.jpg\" alt=\"Andalasia 3\" width=\"300\" height=\"224\"><span style=\"font-size: 12pt;\">Jeudi soir, le comit\u00e9 de quartier du Parc de Saint-Maur remettait son \u00ab&nbsp;prix sp\u00e9cial 2016\u2033 \u00e0 l\u2019\u00e9quipe du salon de coiffure \u00ab&nbsp;Andalasia&nbsp;\u00bb, acteur \u00e9conomique du quartier engag\u00e9 dans une d\u00e9marche de solidarit\u00e9 et de g\u00e9n\u00e9rosit\u00e9.<\/span><\/p>\n<p><span style=\"font-size: 12pt;\">Le salon collecte en effet des m\u00e8ches de cheveux pour les associations nationales \u00ab&nbsp;Solidhair et \u00ab&nbsp;Coupe d\u2019\u00e9clat&nbsp;\u00bb. Ces m\u00e8ches servent ensuite \u00e0 fabriquer des perruques destin\u00e9es aux malades du cancer.<\/span><\/p>\n<p><span style=\"font-size: 12pt;\">Un belle initiative au c\u0153ur de notre ville !<\/span><img loading=\"lazy\" decoding=\"async\" class=\"size-medium wp-image-1966 aligncenter\" title=\"Andalasia 1\" src=\"https:\/\/leparcstmaur.org\/wp-content\/uploads\/2016\/10\/Andalasia-1-300x268.jpg\" alt=\"Andalasia 1\" width=\"300\" height=\"268\"><\/p>\n<\/div>\n<\/div>\n","protected":false},"excerpt":{"rendered":"<p>La Broc\u2019 du Parc 2016 Samedi 24 septembre 2016 On l\u2019a fait !!!! Merci \u00e0 tous ! B\u00e9n\u00e9voles volontaires venus des autres quartiers de la ville pour nous pr\u00eater main forte au petit matin. Merci aux policiers municipaux d\u00e9ploy\u00e9s toute la journ\u00e9e. Merci \u00e0 nos 160 exposants qui ont jou\u00e9 &hellip;<\/p>\n","protected":false},"author":1,"featured_media":0,"parent":30,"menu_order":0,"comment_status":"closed","ping_status":"closed","template":"","meta":{"ngg_post_thumbnail":0,"footnotes":""},"class_list":["post-108","page","type-page","status-publish","hentry"],"_links":{"self":[{"href":"https:\/\/leparcstmaur.org\/index.php?rest_route=\/wp\/v2\/pages\/108","targetHints":{"allow":["GET"]}}],"collection":[{"href":"https:\/\/leparcstmaur.org\/index.php?rest_route=\/wp\/v2\/pages"}],"about":[{"href":"https:\/\/leparcstmaur.org\/index.php?rest_route=\/wp\/v2\/types\/page"}],"author":[{"embeddable":true,"href":"https:\/\/leparcstmaur.org\/index.php?rest_route=\/wp\/v2\/users\/1"}],"replies":[{"embeddable":true,"href":"https:\/\/leparcstmaur.org\/index.php?rest_route=%2Fwp%2Fv2%2Fcomments&post=108"}],"version-history":[{"count":13,"href":"https:\/\/leparcstmaur.org\/index.php?rest_route=\/wp\/v2\/pages\/108\/revisions"}],"predecessor-version":[{"id":378,"href":"https:\/\/leparcstmaur.org\/index.php?rest_route=\/wp\/v2\/pages\/108\/revisions\/378"}],"up":[{"embeddable":true,"href":"https:\/\/leparcstmaur.org\/index.php?rest_route=\/wp\/v2\/pages\/30"}],"wp:attachment":[{"href":"https:\/\/leparcstmaur.org\/index.php?rest_route=%2Fwp%2Fv2%2Fmedia&parent=108"}],"curies":[{"name":"wp","href":"https:\/\/api.w.org\/{rel}","templated":true}]}}

<div class="post-1954 post hentry category-divers">
<h3 id="post-1954"><span style="color: #0000ff; font-size: 18pt;">La Broc’ du Parc 2016</span></h3>
<p><span style="font-size: 10pt;"><small>Samedi 24 septembre 2016</small></span></p>
<div class="entry">
<p><img loading="lazy" decoding="async" class="size-medium wp-image-1956 alignleft" title="Broc du Parc 1" src="https://leparcstmaur.org/wp-content/uploads/2016/10/Broc-du-Parc-1-225x300.jpg" alt="Broc du Parc 1" width="225" height="300"><span style="font-size: 12pt;">On l’a fait !!!! Merci à tous ! Bénévoles volontaires venus des autres quartiers de la ville pour nous prêter main forte au petit matin. Merci aux policiers municipaux déployés toute la journée. Merci à nos 160 exposants qui ont joué le jeu.</span><br />
<span style="font-size: 12pt;"> Merci à saint Maur et à son maire. Au nom du Comité de Quartier du Parc de Saint Maur, MERCI !!!</span></p>
<p><span style="font-size: 12pt;">La Broc du Parc® IV&nbsp;» fut un très beau succès !</span></p>
<p><span style="font-size: 12pt;">Notre Comité de Quartier du Parc de Saint Maur a fait un super boulot pour cette 4eme édition et a fait de cette Broc’ 2016 une réussite! Micheline, Maria et Jeannine, ont fait du sandwich «&nbsp;jambon-emmental&nbsp;», le «&nbsp;best-seller&nbsp;» du stand buvette.</span></p>
<p><span style="font-size: 12pt;">Passer cette journée avec ses enfants, amis, copains, voisins et des dizaines d’exposants sympathiques, des prix attractifs, de nombreux chineurs, de bonnes ventes et cerise sur le gâteau, le ciel avec nous !</span><br />
<img loading="lazy" decoding="async" class="aligncenter size-medium wp-image-1957" title="Broc du parc 2" src="https://leparcstmaur.org/wp-content/uploads/2016/10/Broc-du-parc-2-300x200.jpg" alt="Broc du parc 2" width="300" height="200"><br />
<span style="font-size: 12pt;">Ce fut un cocktail idéal. «&nbsp;La Broc’ du Parc&nbsp;» est désormais un rendez-vous des premiers jours de l’automne bien ancré dans la vie de notre village et un événement que nul ne souhaite voir annulé…</span></p>
<p><span style="font-size: 12pt;">Bravo Anne pour l’énergie que tu y as consacrée, Merci Jean pour tes conseils avisés, Merci Floriane et Romain pour l’aide logistique. Rendons grâce à Micheline pour ces financiers «&nbsp;made in le Parc&nbsp;», qui sont plus qu’une légende pâtissière…</span><br />
<span style="font-size: 12pt;"> <img loading="lazy" decoding="async" class="size-medium wp-image-1955 alignright" title="Broc du parc 5" src="https://leparcstmaur.org/wp-content/uploads/2016/10/Broc-du-parc-5-300x226.jpg" alt="Broc du parc 5" width="300" height="226"></span><br />
<span style="font-size: 12pt;"> Merci Alain, Hervé et l’équipe de Champignol, David (Saint Maur- Creteil ), Cédric (les Riverains de La Pie) sans oublier l’équipe de la Pie qui sont venus en renfort. Merci Sylvain , Jasmine et notre ville pour cette «&nbsp;volonté exécutive&nbsp;» qui permet tant de choses.</span></p>
<p><span style="font-size: 12pt;">Et puis ce qui est vraiment bien avec la Broc’ du Parc, c’est que le lendemain, on peut faire la grasse matinée !!!</span></p>
<p><span style="font-size: 12pt;">A l’année prochaine! si tout va bien…</span></p>
</div>
<p class="postmetadata">&nbsp;</p>
</div>
<div class="post-1940 post hentry category-divers tag-association tag-comite-de-quartier tag-le-parc-de-saint-maur tag-place-des-marronniers">
<h3 id="post-1940"><span style="color: #0000ff; font-size: 18pt;">Journée des Associations 2016</span></h3>
<p><span style="font-size: 10pt;"><small>Dimanche 11 septembre 2016</small></span></p>
<div class="entry">
<p><img loading="lazy" decoding="async" class="size-medium wp-image-1941 alignleft" title="Journée des Associations" src="https://leparcstmaur.org/wp-content/uploads/2016/10/Journee-des-Associations-225x300.jpg" alt="Journée des Associations" width="225" height="300"><span style="font-size: 12pt;">Le Comité de Quartier du Parc de Saint-Maur en G5… Touché !</span></p>
<p><span style="font-size: 12pt;">Venez nous retrouver sur notre stand G5, place des Marronniers à l’occasion de la journée des Associations, jusqu’à 18h…</span><br />
<span style="font-size: 12pt;"> Premier événement de rentrée pour notre «&nbsp;Comité de Quartier du Parc de Saint-Maur&nbsp;».</span></p>
<p><span style="font-size: 12pt;">Au menu de notre Journée des Assocs,</span><br />
<span style="font-size: 12pt;"> La «&nbsp;Bro’c du Parc&nbsp;» 4eme édition, aura-t-elle lieu ?!…</span><br />
<span style="font-size: 12pt;"> Venez également découvrir en avant première le prototype de «&nbsp;La Ruche à Livres&nbsp;» qui sera implantée bientôt au centre sportif Brossolette. On vous attend nombreux ! «&nbsp;Prendre des livres, déposer des livres, les lire et partager …&nbsp;» Tel est le leitmotiv du projet de «&nbsp;Boîtes à livres dans la ville&nbsp;» imaginé par notre Comité de Quartier du Parc de Saint Maur et réalisé par des élèves du lycée Mansart qui «bûchent » sur ce projet depuis un an. L’idée sympathique qui a germé fin 2014 lors d’un conseil d’administration de notre association, était de partager un livre de façon anonyme, en le laissant sur un banc, dans un square ou bien sur un muret avec l’espoir qu’il puisse être lu et partagé de nouveau…</span></p>
<p><img loading="lazy" decoding="async" class="aligncenter size-medium wp-image-1942" title="Boite à livres 2" src="https://leparcstmaur.org/wp-content/uploads/2016/10/Boite-a-livres-2-225x300.jpg" alt="Boite à livres 2" width="225" height="300"></p>
</div>
</div>
<div class="post-1962 post hentry category-divers tag-andalasia tag-comite-de-quartier tag-coupe-declat tag-le-parc-de-saint-maur tag-place-des-marronniers tag-solidhair">
<h3 id="post-1962"><span style="color: #0000ff; font-size: 18pt;">Prix spécial 2016 : Andalasia</span></h3>
<p><span style="font-size: 10pt;"><small>Jeudi 8 septembre 2016</small></span></p>
<div class="entry">
<p><img loading="lazy" decoding="async" class="alignleft size-medium wp-image-1964" title="Andalasia 3" src="https://leparcstmaur.org/wp-content/uploads/2016/10/Andalasia-3-300x224.jpg" alt="Andalasia 3" width="300" height="224"><span style="font-size: 12pt;">Jeudi soir, le comité de quartier du Parc de Saint-Maur remettait son «&nbsp;prix spécial 2016″ à l’équipe du salon de coiffure «&nbsp;Andalasia&nbsp;», acteur économique du quartier engagé dans une démarche de solidarité et de générosité.</span></p>
<p><span style="font-size: 12pt;">Le salon collecte en effet des mèches de cheveux pour les associations nationales «&nbsp;Solidhair et «&nbsp;Coupe d’éclat&nbsp;». Ces mèches servent ensuite à fabriquer des perruques destinées aux malades du cancer.</span></p>
<p><span style="font-size: 12pt;">Un belle initiative au cœur de notre ville !</span><img loading="lazy" decoding="async" class="size-medium wp-image-1966 aligncenter" title="Andalasia 1" src="https://leparcstmaur.org/wp-content/uploads/2016/10/Andalasia-1-300x268.jpg" alt="Andalasia 1" width="300" height="268"></p>
</div>
</div>

<p>La Broc’ du Parc 2016 Samedi 24 septembre 2016 On l’a fait !!!! Merci à tous ! Bénévoles volontaires venus des autres quartiers de la ville pour nous prêter main forte au petit matin. Merci aux policiers municipaux déployés toute la journée. Merci à nos 160 exposants qui ont joué &hellip;</p>
